 Let o be (8976/(-14) + (-3)/s)*2. Is o*25/20*-2 a composite number?
True
Let h(g) = -988*g - 2861. Is h(-34) a composite number?
True
Let o(d) = 15*d**2 - 18*d + 22. Let s = 165 + -158. Is o(s) composite?
False
Let i(b) = 3*b**3 - 77*b**2 - 52*b - 287. Is i(46) prime?
True
Let z(c) = 2*c**3 + 240*c**2 - 26*c - 75. Is z(-89) a prime number?
False
Let i(k) = 10623*k + 728. Is i(21) prime?
False
Suppose -5*s + 1041060 = 5*c, 4*c = -6*s + 5*s + 208233. Is s a prime number?
False
Suppose -1489262 - 1547756 = -20*d + 129562. Is d a prime number?
True
Let p be (-36)/(-30) - (-28256)/20. Suppose -43 = b - p. Is b prime?
False
Let x = 12 + -8. Suppose -10 = -6*y + y, -x*d - 2*y = -5408. Is d a composite number?
True
Let h = 73 + -69. Suppose -x + 181 = -h. Is x a prime number?
False
Suppose -9 = -3*w, -5*w + 10604 = 5*c - 207176. Is c composite?
True
Suppose -16309 = -3*v + 16184. Is v a composite number?
False
Is (-3)/(-12)*-1 - (-2)/((-48)/(-1425774)) a composite number?
False
Let k(n) = -2*n**3 - 11*n**2 - 6*n - 10. Let i = 32 + -42. Let q be k(i). Is q/18 + 32/144 a composite number?
False
Let c = -893420 - -1758447. Is c a composite number?
True
Suppose 4*g = -3 + 15. Suppose 2*l + 3*d = 2*d + 13, 6 = 3*l - g*d. Suppose 20609 = l*s + 4894. Is s a composite number?
True
Let c(d) = -19*d**3 - 27*d**2 - 172*d - 23. Is c(-26) prime?
True
Suppose 4*b - 1419833 = 3*g, 4*b - 489212 = -4*g + 930572. Is b composite?
False
Suppose 0 = 9*m + 5*m - 5*m - 876933. Is m a composite number?
True
Let u be ((-97)/5 + 20/50)*-1. Suppose u*x = 10*x + 31743. Is x prime?
True
Suppose 4*x - 20 = -4*j, 3*j + 4*x - 16 = -0*j. Suppose u = -j*s + 10269, -5*s + 13729 - 893 = u. Is s prime?
False
Let t(c) = -78*c**3 + c**2 + 11*c + 19. Let m(z) = 40*z**3 - 5*z - 9. Let o(l) = -9*m(l) - 4*t(l). Is o(-3) a prime number?
False
Let y(g) = 2*g - 2. Let l be y(0). Suppose 5*t + 2*j - 4 = 3*t, 5*j = 4*t - 53. Is (-22)/(0 + l/t) a composite number?
True
Let q(i) = -7*i - 170. Let f be q(-24). Is f/(104409/(-14913) - -7) a prime number?
True
Let h = 28 - 37. Let m(c) = -c**2 - 9*c + 5. Let s be m(h). Suppose s*k = -397 + 2632. Is k prime?
False
Is ((-2328)/56)/((-273)/1166347) a prime number?
False
Let h = 298629 + -123836. Is h a prime number?
False
Let l(f) = 3135*f**3 + 21*f**2 - 92*f - 71. Is l(7) a composite number?
False
Suppose 3 = 3*d, -38193 = -p + 5*d + 30233. Is p a composite number?
True
Let s(r) = -2*r + 7. Let n be s(-10). Suppose n = 4*v + 5*v. Suppose -q + 3*c = -0*q - 1394, 4222 = v*q - c. Is q a prime number?
True
Let z(y) = 128*y**2 + 13*y - 8. Let b(m) = -2*m + 3. Let d be b(-3). Is z(d) a composite number?
False
Let g be 0 + 2 + 14 + (-8 - -3). Let u(r) = 10*r**2 + 22*r - 123. Is u(g) composite?
True
Let r be 16/7 - 2/7. Suppose 0 = r*c + 2, -5*v - c + 0*c = 8926. Let a = 2796 + v. Is a a composite number?
True
Let j(c) = 6289*c**2 - 11*c - 13. Is j(-1) prime?
True
Suppose -4*s = x - 75, x = -s - 3*x + 30. Suppose 2*b - s - 428 = -p, 0 = -2*b. Is p a composite number?
True
Let h(g) = 7*g + 74. Let o be h(7). Let b = 125 - o. Is ((-8586)/24 - 2)/(b/(-8)) a prime number?
True
Let r = -21 + 5. Let v = r - -16. Suppose 163 = 2*m + 2*z + 59, -3*m - z + 162 = v. Is m a composite number?
True
Let j(g) be the first derivative of g**4/2 - 5*g**3/3 + g**2/2 + 641*g - 32. Let y(t) = t**3 - 2*t**2 + t + 320. Let c(i) = -3*j(i) + 7*y(i). Is c(0) prime?
True
Suppose 177*m - 40*m + 16*m - 14639499 = 0. Is m a prime number?
False
Let x(s) = 2*s**2 - 3*s + 5. Let c be x(1). Suppose -3807 = -c*l + 11*v - 6*v, 3814 = 4*l + 2*v. Is l prime?
True
Let q(o) = 14*o**2 + 17*o + 21. Let a(g) = 5*g**2 + 6*g + 7. Let x(b) = -11*a(b) + 4*q(b). Let s be x(0). Suppose 9*w - 1226 = s*w. Is w a composite number?
False
Suppose 25*t - 2227 = 24*t. Let u = t + -351. Suppose -4*f + 4*m = -u, -3*f - 4*m + 1722 = 315. Is f prime?
False
Let c = -208321 - -362114. Is c a composite number?
True
Let d be 27 + (2 - (-4 - -7)) + -6. Suppose -4*h + 3*n = -11, 5*h + 5 + 15 = -3*n. Is -3 - 2/h*d a composite number?
False
Let o = 3410 - -18291. Is o composite?
False
Suppose 3*p = 4*n - 11635, 10*p = -3*n + 9*p + 8736. Let x = 4758 - n. Is x composite?
False
Let t(a) = 8*a**2 + 41*a + 91. Suppose -3*n + 31*n = 560. Is t(n) a prime number?
True
Let z(n) = 5*n**2 + 10 - 15 + 12 + 6*n - n**3. Let g be z(6). Suppose -g*h + 1833 = -1744. Is h composite?
True
Let n(x) = -24*x**2 + x + 14. Let v be n(6). Let q = 233 - v. Is q a prime number?
False
Let u(p) = 2*p**3 - 32*p**2 + 30*p + 418. Is u(21) prime?
False
Suppose -25*d = -17*d - 8. Let v be d/(74270/(-14855) + 5). Suppose -3*g + 4*j = -v, 4*j - 2987 = -4*g + g. Is g composite?
True
Suppose 49765 = -5*f + 2*o + 263580, 5*f + o - 213815 = 0. Suppose -36*s - f = -43*s. Is s a prime number?
False
Suppose 7*a = -97049 + 1296471. Suppose 2*z + 12*z = a. Is z prime?
True
Let d(n) = 863*n**2 - 11*n - 93. Is d(5) a prime number?
False
Let h(c) = -176*c**3 + 10*c**2 + 13*c + 265. Is h(-12) prime?
False
Let y = 32958 - -45095. Is y composite?
True
Suppose -5*s + 3*t = -116324, 5*s - 116330 = -10*t + 15*t. Is s a composite number?
True
Let w be (-6)/(-15)*10 + 126. Let f = w - 115. Suppose -f*r + 1146 = -9*r. Is r composite?
False
Suppose 3*t + 3447 = 4*k, 3437 = 4*k - 3*t + 2*t. Suppose -36*f + 38*f + k = 0. Let z = 826 + f. Is z composite?
False
Let q(o) = -o**3 + o**2 + 19*o + 4177. Is q(0) prime?
True
Let y(s) = -s**3 + 79*s**2 - 40*s + 103. Is y(73) a prime number?
False
Suppose -2*b + 3*b + w + 6 = 0, 5*w = -b + 10. Let x be 3 + b/2 - -4. Let k(r) = 4*r**3 - 2*r**2 + 5*r - 3. Is k(x) composite?
False
Let w = -258 + 263. Suppose 3*b = -5*g + 3588 - 1051, w*b - 525 = -g. Is g composite?
True
Is 63/54 + 278303/6 a prime number?
False
Is ((-1114)/3)/((-456)/49932) composite?
True
Let y(v) = 2381*v + 47. Let b be y(2). Suppose 2*g = -1511 + b. Is g a composite number?
True
Suppose -4*u - 1282365 = -3*c + 1195424, 3*u = -2*c + 1651814. Is c a prime number?
True
Let k be 122*4/(-40) - 2/(-10). Let a = 18 + k. Is a/16 + 157990/112 composite?
True
Suppose 2*t = 4*r + 395890, 2*t - 389579 = -2*r + 6317. Is t a composite number?
False
Suppose -2032010 = -5*s + 5*c, -26*s - 1625613 = -30*s - c. Is s a prime number?
True
Let r = 12014 - -8129. Is r composite?
False
Let k be ((-28)/(-14) + 2 + 1)*12. Let j(a) = 15 + 20 + k*a - 10 + 18. Is j(7) a composite number?
False
Let q = -30843 - -59624. Is q prime?
False
Suppose -9*b + 6*b = -6. Suppose 4*z - 638 + 2192 = b*h, 0 = -2*h - 3*z + 1526. Is h a composite number?
False
Suppose 0 = -222*p + 632*p - 25577030. Is p prime?
True
Let k(o) = 7*o**3 + 18*o**2 - 127*o + 37. Let d(p) = -6*p**3 - 19*p**2 + 127*p - 36. Let f(q) = -6*d(q) - 5*k(q). Is f(-24) a prime number?
True
Suppose 3*p - 13935 = -3*w, -4987 = -p - 3*w - 350. Suppose -8977 = -2*s + p. Suppose 0 = 5*k - 4*u - s, -1351 = 2*k - 3*k - 5*u. Is k a composite number?
False
Suppose 3*i + 3*h - 144 = 0, -3*i + 3*h - 4*h + 154 = 0. Suppose 51*u = i*u - 29362. Is u a prime number?
False
Let a(q) = 24*q**2 + 4*q - 13. Let d be a(-4). Let s = d - -918. Is s a composite number?
True
Suppose 497566 + 185001 = 12*v - 190589. Is v a composite number?
False
Let u(c) be the third derivative of 1469*c**7/5040 - c**6/180 + 7*c**5/60 + c**2. Let z(y) be the third derivative of u(y). Is z(1) a prime number?
False
Let w(h) be the first derivative of 13*h**4/4 + 7*h**3/3 + h**2/2 + 3*h - 16. Let a be w(5). Let i = -987 + a. Is i prime?
True
Let l(o) be the first derivative of o**4/4 - 17*o**3/3 + 17*o**2/2 - 3*o - 6. Let c be l(16). Is c/(-26) + (-1343)/(-2) composite?
True
Suppose -5*d + 7 = -3, 5*x + 387 = -4*d. Let h = -72 - x. Suppose h*l = 5*l + 42. Is l composite?
True
Suppose 10*z + 65 = 23*z. Suppose -12509 = -2*x - z*i, 8*x + 4*i + 6235 = 9*x. Is x a prime number?
True
Suppose 2*d + 40193 = b + 4*b, 2*d + 16082 = 2*b. Let o = 5672 + b. Is o composite?
False
Suppose 37*y = -147802 + 176606 + 2166295. Is y a composite number?
True
Suppose 0 = 3*z + 2*s - 17, 7*s + 33 = 5*z + 8*s. Suppose 13453 = z*k - 778. Is k a composite number?
True
Let w(v) = v**2 + 8*v + 9. Let r be w(-7). Let t(s) = 2*s**2 - 2*s. Let p be t(r). Suppose -3*u - p*u = -1645. Is u a composite number?
True
Let v = -170 